503 + -2?
623501
In base 8, what is 335 + -4?
331
In base 12, what is -65a9 + 9?
-65a0
In base 7, what is -66 - -32462?
32363
In base 12, what is -37b - -28?
-353
In base 3, what is -11112110012 - -1?
-11112110011
In base 11, what is 3 - 56a1?
-5699
In base 11, what is -5a39 + -2?
-5a40
In base 7, what is -10360 + 655?
-6402
In base 16, what is -4 - -6b2ed?
6b2e9
In base 9, what is 5 + 6673?
6678
In base 6, what is -232025 - 3?
-232032
In base 15, what is -9 + cc4e?
cc45
In base 6, what is -1 - 255220?
-255221
In base 5, what is -2 + -421023?
-421030
In base 11, what is 135a + -1a5?
1165
In base 15, what is -2ad8c - -3?
-2ad89
In base 5, what is 1302 + -24010?
-22203
In base 3, what is -2220 + -102221?
-112211
In base 10, what is 9489 + 131?
9620
In base 5, what is -11 + -3111?
-3122
In base 4, what is 21331 - -102213?
130210
In base 11, what is -85 - 92a?
-a04
In base 5, what is 32220 + -2324?
24341
In base 14, what is -1556 - -20?
-1536
In base 16, what is -47 + -a2?
-e9
In base 7, what is -4 - -4331?
4324
In base 6, what is -41130230 - 5?
-41130235
In base 10, what is -27357 + 23?
-27334
In base 9, what is 7136 + 262?
7408
In base 4, what is 1 + 2030033?
2030100
In base 14, what is -2993 + -2?
-2995
In base 11, what is 52 - -10160?
10202
In base 5, what is -2 + 3331311?
3331304
In base 16, what is 2d + -4a?
-1d
In base 5, what is -20322103 - 1?
-20322104
In base 5, what is 3 - -4311244?
4311302
In base 13, what is 0 - -8bcb6?
8bcb6
In base 11, what is 43885 - 14?
43871
In base 6, what is 44255454 - 2?
44255452
In base 11, what is 4 - -5030?
5034
In base 8, what is 277453 + -22?
277431
In base 7, what is -5116 + -10?
-5126
In base 15, what is 1 - 8c753?
-8c752
In base 10, what is -6 + 69501?
69495
In base 9, what is -8047 - 115?
-8163
In base 12, what is 6221 + 3a?
625b
In base 2, what is -11100010001 - -111000?
-11011011001
In base 10, what is 109 - 10572?
-10463
In base 4, what is -2020223212 + 1?
-2020223211
In base 7, what is -623562 - 5?
-623600
In base 8, what is -551047 + 4?
-551043
In base 15, what is -1936 + d?
-1928
In base 12, what is -13 + 8819b?
88188
In base 15, what is -4b835 - -4?
-4b831
In base 8, what is 12 + 15733?
15745
In base 5, what is -3410140 + -11?
-3410201
In base 11, what is -2305 - -3?
-2302
In base 12, what is -97 + b4?
19
In base 5, what is 32 - 204041?
-204004
In base 4, what is 13312000 - 13?
13311321
In base 3, what is -11 - -111?
100
In base 6, what is 1110121 + -4?
1110113
In base 10, what is -34360 - 5?
-34365
In base 15, what is -1422b - 4?
-14230
In base 6, what is 354 + 455?
1253
In base 9, what is -233 + -514?
-747
In base 11, what is -1 + 49657?
49656
In base 11, what is -5 + -1181aa?
-118204
In base 8, what is -7110427 + 0?
-7110427
In base 8, what is -30521 - 5?
-30526
In base 12, what is 14aa98 + 3?
14aa9b
In base 6, what is 1453241 + 0?
1453241
In base 6, what is -4 - -144155?
144151
In base 4, what is -22132 - -201?
-21331
In base 7, what is -453400 - -4?
-453363
In base 11, what is 10838 + -2?
10836
In base 3, what is -1211 + 1002000101?
1001221120
In base 14, what is -4c7 + 22?
-4a5
In base 13, what is -8387 - -3?
-8384
In base 15, what is 8 + -9c8?
-9c0
In base 4, what is 1000 - 11002?
-10002
In base 10, what is 2145 + -93?
2052
In base 2, what is -1011011 + -11101010011?
-11110101110
In base 7, what is -1100311 + -4?
-1100315
In base 14, what is 19d99 - -3?
19d9c
In base 13, what is 0 - 464b?
-464b
In base 4, what is 0 + -31332032?
-31332032
In base 4, what is -2222 + -1112?
-10000
In base 12, what is -326b1 - -4?
-326a9
In base 6, what is -1024 - 4322?
-5350
In base 9, what is 170683 - -1?
170684
In base 12, what is a06 + -175?
851
In base 9, what is -1840726 + -1?
-1840727
In base 9, what is -68660 + -4?
-68664
In base 2, what is 100 - 1001011000111110?
-1001011000111010
In base 12, what is 214 + -8?
208
In base 9, what is -3326543 - -2?
-3326541
In base 4, what is 21 - -1113103?
1113130
In base 4, what is -22132320 + 221?
-22132033
In base 15, what is 27 - -4846?
486d
In base 6, what is 134 - 114450?
-114312
In base 9, what is 3310570 - 3?
3310566
In base 14, what is -1 - -48d0?
48cd
In base 15, what is 1a2 + -e?
193
In base 14, what is 11 - 8182?
-8171
In base 14, what is 6 + -3d9?
-3d3
In base 16, what is -1 - -6949?
6948
In base 12, what is -6a7895 + 3?
-6a7892
In base 2, what is -1000000001 - -111110?
-111000011
In base 7, what is -104305 + 13?
-104262
In base 12, what is 3 - b942?
-b93b
In base 8, what is 23 + -563566?
-563543
In base 16, what is -7e8 + f9?
-6ef
In base 5, what is 1121 - -241444?
243120
In base 9, what is 138006 - 0?
138006
In base 2, what is 10 - 110111101010000?
-110111101001110
In base 5, what is 31332 - -40?
31422
In base 2, what is -10011110100110001 + 101?
-10011110100101100
In base 6, what is 255 - -35?
334
In base 4, what is -1302222020 + 3?
-1302222011
In base 4, what is 202230 + -12?
202212
In base 14, what is -3 - -1214b0?
1214ab
In base 15, what is -7cd41 - 1?
-7cd42
In base 2, what is -101 + -1110111101101010?
-1110111101101111
In base 13, what is -6 - -bb7b?
bb75
In base 12, what is 0 - -78817?
78817
In base 12, what is a2701 - a?
a26b3
In base 9, what is 2 - 47276?
-47274
In base 4, what is 10 - -10332130230?
10332130300
In base 9, what is -636868 - 0?
-636868
In base 12, what is 38 + 4269?
42a5
In base 13, what is 45 + a064?
a0a9
In base 5, what is 34323 - 430?
33343
In base 12, what is -a0 + 105?
25
In base 15, what is 5 - 1216a?
-12165
In base 4, what is 33 - -1111321?
1112020
In base 9, what is -2 - 1821053?
-1821055
In base 16, what is -27bd - 0?
-27bd
In base 16, what is -167fe - -11?
-167ed
In base 7, what is 655 + -31255?
-30300
In base 5, what is -1044243 - 0?
-1044243
In base 4, what is -1233 - -1312?
13
In base 7, what is 2 + -3315135?
-3315133
In base 3, what is 1202112020 + 2?
1202112022
In base 6, what is 213552 + 0?
213552
In base 6, what is -2 + 5453413?
5453411
In base 10, what is -311695 + -11?
-311706
In base 14, what is -91 + -9?
-9a
In base 7, what is 21 - -3256311?
3256332
In base 16, what is 2 - 3e1d?
-3e1b
In base 14, what is 3 + d2b2?
d2b5
In base 10, what is 4 + 1070269?
1070273
In base 8, what is 5242 + 22?
5264
In base 7, what is 2 - -361465?
361500
In base 3, what is -200122100 + 10?
-200122020
In base 9, what is 30472 - 2?
30470
In base 14, what is 9186 + -25?
9161
In base 13, what is -9b + 143?
75
In base 10, what is -29804 - 1?
-29805
In base 16, what is -7b7a + 2?
-7b78
In base 2, what is 1001111110 - 110110110111?
-101100111001
In base 4, what is 112233310 - 10?
112233300
In base 16, what is c + 63cd?
63d9
In base 10, what is 2 + -12049?
-12047
In base 12, what is -a9 + 4b88?
4a9b
In base 2, what is -10 - 1111000011000?
-1111000011010
In base 10, what is -326364 - -10?
-326354
In base 12, what is -125 - 121?
-246
In base 10, what is -2594 - 320?
-2914
In base 9, what is 61 + 24655?
24726
In base 6, what is 1145 - -332?
1521
In base 9, what is -2078 - 22?
-2111
In base 4, what is -12 - 113032003?
-113032021
In base 6, what is 5323 - -24?
5351
In base 5, what is -144304 + 3244?
-141010
In base 10, what is -62 + 80?
18
In base 4, what is -311 + 10012?
3101
In base 5, what is -42 - 134014?
-134111
In base 12, what is 1049 - 77?
b92
In base 9, what is -105 - 23561?
-23666
In base 9, what is 166 - 14432?
-14255
In base 11, what is -256a + a9?
-2471
In base 14, what is -b - -294d?
2942
In base 11, what is -1 - -1952a?
19529
In base 6, what is -1042310 + -3?
-1042313
In base 8, what is -10437 + 23?
-10414
In base 2, what is 1101101 + 100101000?
110010101
In base 16, what is f7e4a + -4?
f7e46
In base 15, what is 9d495 + 5?
9d49a
In base 5, what is 34 - -11241?
11330
In base 8, what is 4 + -311364?
-311360
In base 14, what is -d - 21707?
-21716
In base 14, what is 2510 - -2?
2512
In base 5, what is -11111 + -4?
-11120
In base 5, what is 41201404 - -1?
41201410
In base 7, what is 1104 - -12?
1116
In base 13, what is 2 - 64b9?
-64b7
In base 15, what is 3 + -1b238?
-1b235
In base 14, what is -1788 - -8?
-1780
In base 8, what is 22271 + -2?
22267
In base 2, what is 101001101011 - -1?
101001101100
In base 6, what is 30110 - 0?
30110
In base 4, what is -3110 - -131310?
122200
In base 15, what is -15b699 + -4?
-15b69d
In base 3, w